-j**2 + j - 79. Let c(b) = v(b) + 3*w(b). Give c(-2).
4
Let t(n) = n**2 + 7*n - 203. Let p be t(11). Let j(u) = 25*u + u**2 - 18*u + 4 + 1. What is j(p)?
-5
Let g(u) be the second derivative of u**5/20 + 5*u**4/12 - 5*u**3/6 - u**2/2 + 2*u. Let a be 84/(-12) - 5804/4. Let r be (10/6)/(405/a). Give g(r).
-7
Suppose 4 = 5*v + v - 5*v. Let n(l) = l**3 - 5*l**2 + 3*l - 3. Give n(v).
-7
Let o(h) = 4*h**3 - 4*h + 2. Let p(v) = 11*v**3 + v**2 - 12*v + 6. Let r(j) = -8*o(j) + 3*p(j). Suppose -841*w = -878*w + 74. What is r(w)?
14
Let o(i) = i**2 + 8*i - 12. Let x be ((0 - -2) + -29)/(-1). Suppose -4*s - x = 5. Let j be s - ((-2)/8)/((-10)/40). Give o(j).
-3
Let n(i) = -i**3 + i**2 + 1. Let a(o) = o**3 + 5*o**2 - 3*o - 13. Suppose -5*w - 19 = -2*m, -20 = w + 5*m - 0*m. Let x be a(w). Calculate n(x).
-3
Let f(z) = 3*z**3 - 11*z**2 + 16*z - 12. Let y(n) = 7*n**3 - 21*n**2 + 34*n - 27. Let d(r) = 5*f(r) - 2*y(r). What is d(12)?
-6
Let n be (6/5)/(2/(-10)). Let y(l) = -140 + 236*l + 147 - 231*l + l**2. Give y(n).
13
Let k(f) be the third derivative of f**4/8 - f**3/3 - 2*f**2 + 1560. Let n(u) = -u**2 + 8*u - 2. Let b be n(8). What is k(b)?
-8
Let s(q) = q - 7. Let f = -120 + 115. Let n be (-1 + 0)*(-1 + f - -1). Determine s(n).
-2
Let o(v) = -119*v**2 + 3*v + 74. Let b(g) = 337*g**2 - 12*g - 221. Let u(t) = -6*b(t) - 17*o(t). Calculate u(-4).
0
Let r(w) = -w**2 + 10*w - 2. Suppose -5*s - p - 568 = -0*p, -3*s - 340 = p. Let t = 125 + s. Determine r(t).
-13
Let k(u) = -13*u + 1. Suppose -v + 5 = -0*v. Let r(y) = y**3 - 7*y**2 - 34*y + 210. Let o be r(8). Suppose 4*s - i = -o, i = -v*s - 4*i - 15. Determine k(s).
14
Let a(b) = b**3 + 6*b**2 - 7*b - 5. Let w be a(-7). Let p(s) be the first derivative of -s**4/4 - 2*s**3 - 2*s**2 + 4*s - 13517. Determine p(w).
-1
Let y be (-441)/49 + -18*(-5)/10. Let d(p) be the first derivative of -4/3*p**3 - 10 - 3/2*p**2 - 1/4*p**4 + y*p. Calculate d(-2).
-2
Suppose 41*z - 438 = -125*z + 1388. Let k(p) = 9*p - 91. Determine k(z).
8
Let p(x) = -2*x**3 + 7*x**2 + 11*x - 22. Suppose 40 = -c + 5*t + 9, 0 = 6*c - 4*t + 4. Calculate p(c).
6
Let s = -76 + 226. Suppose -5*r + s = 165. Let l(t) = t**2 - 4. Determine l(r).
5
Let x(h) = 68159 - 2*h + 3*h - 68157. Let a = 33 - 51. Let z be 101/(-9) + (-4)/a. Determine x(z).
-9
Let o(b) be the second derivative of -b**4/6 + 3*b**3/2 + 6*b**2 + 2973*b. Give o(-5).
-83
Let x = -12044 + 12050. Let f(c) be the first derivative of -1/4*c**4 + x + 2*c**2 - 9*c + 5/3*c**3. What is f(6)?
-21
Let h = 9 + -22. Let y(l) be the second derivative of l**3/6 + 4*l**2 - 4142*l. What is y(h)?
-5
Let m be (1*36/(-45))/((-4)/(-10)). Let o(v) = 2*v - 18. Let a be o(10). Let j(q) = -q**3 - q**2 - a*q + 0*q + 2*q. What is j(m)?
4
Let j(l) = -l**3 - 21*l**2 + 52*l + 140. Let m = -32938 - -32915. Determine j(m).
2
Let i(x) be the first derivative of 87*x**2/2 - 347*x - 4930. Calculate i(4).
1
Suppose 3*g - 78 = -3*a, 105 = 4*g + 3*a + 2*a. Let p(j) = 18 - g + 2*j - 5 - 2. Calculate p(8).
2
Suppose -1042*l + 1060*l = 0. Let r(z) be the third derivative of l + 0*z - 14*z**2 + 2/3*z**3 - 1/60*z**5 + 1/4*z**4. Determine r(6).
4
Suppose 51*y + 25*y - 63 = 13. Let q(r) = -39*r + 2. Give q(y).
-37
Let o(l) = -39*l + 282. Let c be o(7). Let g be 1*(-6 - -15) - c. Let v(x) = x**3 - 1. Calculate v(g).
-1
Let n = -668 + 683. Suppose -g - n = -2*x + 8, -2*g = 6. Let r(l) = -2*l**2 + 21*l - 2. Calculate r(x).
8
Let i(h) = -6*h - 40. Let o be i(-8). Let x(f) = 8 - o + 21*f - 16*f. Determine x(4).
20
Let h(n) = -n - 2*n**3 - n**2 + 2*n + n**3. Let m(z) = z**3 + z**2 + z - 2. Let x(k) = 2*h(k) + m(k). Let j = 2 + 0. What is x(j)?
-8
Let h(b) = 2*b + 4. Let d = -334 + 344. Suppose 0 = 9*q + d - 91. Calculate h(q).
22
Let g be ((-8)/(-5))/(11/(-220)*8). Let z(y) = -17*y - 13. Determine z(g).
55
Suppose 0 = -6*h + 9*h - 12. Suppose -h*n + 11 = -0*n - z, n + 21 = 5*z. Let s(y) be the second derivative of -y**5/20 + y**4/4 + 2*y**3/3 + y. Give s(n).
0
Let b(u) = -4 + 162*u - 183*u - 5*u**2 - u**3 - 17*u**2 - 4. Calculate b(-21).
-8
Suppose 127*q - 24 + 151 = 0. Let n(u) = -u - 7. What is n(q)?
-6
Let j(y) be the first derivative of -y**3/3 - 7*y**2/2 - 7*y - 12. Let a(g) = 5*g**2 + 27*g + 28. Let p(i) = -2*a(i) - 9*j(i). Determine p(5).
27
Let y(t) = -t**3 + 6*t**2 - 9*t - 7. Suppose -25*x + 74*x - 196 = 0. Determine y(x).
-11
Let v be 4 + -5 + 1/((-4)/(-16)). Let k(q) be the first derivative of -3/2*q**2 + v - 4*q. Determine k(5).
-19
Let n(q) be the third derivative of -q**7/504 + q**6/180 - q**5/60 + q**4/12 + 74*q**2. Let f(s) be the third derivative of n(s). Give f(-3).
34
Let x(h) = -7 + 18 - 1 + 4*h + 4 - 8. What is x(13)?
58
Let c(i) be the second derivative of -i**5/10 - i**4/3 + i**3/6 - i**2/2 + 83*i. Let a be 1*(6/2 - 2). Let w be (a/(-3))/(1/9). What is c(w)?
14
Let p = -52 + 52. Let t(w) = p*w + w - 15 + 15. Suppose r - 3 = -2*s, 0*r + 6 = -s - 2*r. Calculate t(s).
4
Let x be 7790/114 + 2 + (-14)/6. Let p(q) = 67*q - 1 + 0 + 2 - 5 - x*q. Let c be 2/(-9) + 47/9. Calculate p(c).
-9
Let x(u) = 5*u - 4. Suppose 42*d - 20 = 38*d. Suppose d*j - 3 = 4*j. Let k(n) = -9*n + 7. Let a(b) = j*k(b) + 5*x(b). Calculate a(2).
-3
Let l(y) = y**2 - 4*y + 6. Let i be l(2). Suppose 0 = -4*v + i*t, 0 = 5*v + t + 7 - 21. Let m(h) = -h + 2. Give m(v).
0
Let q(n) = 3*n**2 - 88*n + 36. Let l be 21 + (-2)/(-5) + (-342)/(-45). Give q(l).
7
Let o(q) be the third derivative of q**6/120 - q**5/30 - q**4/24 - q**3/3 + 2998*q**2. What is o(0)?
-2
Let i(k) be the second derivative of -1 - 2/3*k**3 - 1/2*k**4 - 1/20*k**5 + 6*k**2 + 14*k. Give i(-5).
7
Suppose -15*d - 5*s = -13*d + 44, -2*d = -4*s + 26. Let z(u) = -u**3 - 17*u**2 - 2*u - 36. Give z(d).
-2
Let b(t) = 14*t**2 + 14*t + 2. Let y be b(6). Suppose -3*g + 767 - 145 = 4*v, y = 3*g - 4*v. Let c(f) = -f - 2*f + 199 - 2*f**2 - g - f. Determine c(-2).
-3
Let b(d) = 3*d - 3. Let f(z) = -3*z + 86. Let h(q) = 4*b(q) + f(q). Calculate h(-11).
-25
Suppose 20*b - 29*b = 24 + 3. Let l(u) = u**3 + u**2 - 2*u + 7. Calculate l(b).
-5
Suppose 0 = 5*u + n - 0*n + 37, -5*n = -u - 23. Let i be (u + 9)/(2/106). Suppose -i = -5*d - 43. Let w(l) = -5*l**2 + 2*l + 1. Calculate w(d).
-15
Let f(k) = -30*k - 58*k - 8 + 130*k - 40*k. What is f(7)?
6
Suppose -b - 13 = m - 14, 3*m - 5*b - 35 = 0. Let q(h) = 20*h - 107. What is q(m)?
-7
Let s be (-4528)/(-112) + (-4)/(-7). Let o = 39 - s. Let k(u) = -u**2. Calculate k(o).
-4
Suppose 20 = -4*f - 0. Let g(c) be the second derivative of c**4/24 + c**3/6 - 6*c**2 + 19*c. Let a(n) be the first derivative of g(n). Calculate a(f).
-4
Let h(j) = -j**2 + 12*j - 13. Let v be 2/((-12)/3)*(274 + -26). Let l = -113 - v. Determine h(l).
-2
Let p(x) = 3*x**2 + 0*x**2 + 28*x**2 - 194 + 1829*x**3 - 913*x**3 - 917*x**3 - 24*x. Determine p(30).
-14
Let j(v) = -27*v**3 + 3*v**2 + 43*v**3 + 1 + 2*v**2 - 3*v**2 + 0*v - 2*v. Give j(1).
17
Let y(s) = -29 - 28 + 96 - 5*s**2 - 21 + 28*s - 23. Determine y(5).
10
Let h(z) = 1 + z**3 + 268921*z**2 - 15*z + 1 - 268930*z**2. Calculate h(10).
-48
Let k be (-8)/(-2)*30/24. Let r(h) be the first derivative of 7/2*h**2 - 1/3*h**3 + 81 - 5*h. What is r(k)?
5
Let j(u) be the first derivative of 7/2*u**2 - 8*u - 75 - 1/4*u**4 + u**3. What is j(4)?
4
Let p(l) = -13*l**3 - 139*l**2 - 113*l + 97. Let d(x) = -3*x**3 - 34*x**2 - 28*x + 24. Let k(z) = -9*d(z) + 2*p(z). What is k(-27)?
5
Let w = -107714 - -107725. Let o(z) be the first derivative of -z**4/24 + 7*z**3/6 - z**2 - 2. Let b(l) be the second derivative of o(l). Calculate b(w).
-4
Let s(u) = u**2 + 2*u - 8. Suppose 2*h + 36 = -4*o, -4*h - 2*o + 24 - 60 = 0. What is s(h)?
16
Let t(d) be the third derivative of d**4/24 + 4*d**3/3 + 14*d**2. Let r(k) = k**3 - 5*k**2 - 6*k. Suppose -2*c - 2*c + 24 = 0. Let p be r(c). Calculate t(p).
8
Let l(r) = r**2 + r - 1. Let p = -3394 - -3388. Determine l(p).
29
Suppose -53*v + 481 = 88*v - 1211. Let n(f) = -f**3 + 12*f**2 + 3*f - 5. Give n(v).
31
Let u(n) be the second derivative of n**3/6 - 5*n**2/2 - 25*n + 12. Let m(r) = -2*r**3 - 17*r**2 + 8*r - 9. Let i be m(-9). Determine u(i).
-5
Let w(i) = -768 - 161*i + 298*i - 151*i - 17*i. Give w(-25).
7
Let f(k) be the third derivative of 1/120*k**6 + 0*k - 7/60*k**5 + 0 + 3*k**2 + 1/3*k**4 - 7/6*k**3. Suppose 9*y = 92